g(c) = c + 22. Is 11 a factor of g(w)?
True
Let m be (-12)/9*(40 + -1). Let q = m - -98. Is 10 a factor of q?
False
Let b be -3*(-13)/((-39)/18). Let u = 89 + b. Is 8 a factor of u?
False
Let m(o) = -2*o**2 - 111*o**3 - 13 + 15*o + 112*o**3 - 4*o**2. Does 40 divide m(8)?
False
Does 3 divide (-9)/6 - -1*915/10?
True
Let c(n) = 3*n**2 + 2*n + 3. Let l(y) be the third derivative of -3*y**5/20 - 7*y**4/24 - 5*y**3/3 - y**2. Let g(o) = 7*c(o) + 2*l(o). Does 2 divide g(-1)?
True
Suppose 6*r - 77 - 193 = 0. Suppose 5*s = -3*m + 229, 2*m + r = -5*s + 271. Is s a multiple of 6?
False
Suppose g - 4*i - 75 = 0, 2*g - 176 + 38 = 4*i. Does 21 divide g?
True
Let l(t) = t**2 + 7*t - 6. Let i be l(-8). Suppose 34 = -i*o + 2*r, 26 = -2*o - 4*r - 2. Let f = o - -33. Is f a multiple of 17?
True
Let k(s) = 4*s**2 - 13*s - 11. Let t(c) = -2*c**2 + 7*c + 6. Let i(j) = 3*k(j) + 5*t(j). Is i(-3) a multiple of 27?
True
Suppose 6 - 71 = -5*f. Let j = f + 23. Does 3 divide j?
True
Suppose 0*x = 4*d - x - 36, 3*d - 27 = 3*x. Suppose -8*g + d*g = 42. Is g a multiple of 14?
True
Suppose -9*x + 370 = -179. Suppose -2*q = r - x, -q + 269 = 5*r - 0*q. Does 4 divide r?
False
Suppose b + 3 = -0*b + 3*x, 4*x - 4 = -3*b. Suppose u + u - 34 = b. Suppose -4*r + u = -75. Is r a multiple of 16?
False
Let r(x) = 29*x**2 - 2 - 6*x**2 - 3*x - 6 + 6. Let o be -2*3/6*1. Is r(o) a multiple of 12?
True
Suppose -2*z - t + 199 = 0, 2*z + 3*t = -3*z + 499. Suppose 5*j = d + 27 - 82, 2*d + 2*j = z. Is 11 a factor of d?
False
Let f(i) = i**2 - 12*i + 7. Let t be f(5). Is 12 a factor of t/210 - 724/(-30)?
True
Suppose f + 690 = 4*t + 4*f, 3*t = 4*f + 530. Suppose -3*m + t = -99. Is 13 a factor of m?
True
Suppose -54 + 20 = -2*z + 2*c, 85 = 5*z + c. Suppose -56 = 15*g - z*g. Is g a multiple of 3?
False
Suppose -51*a + 29973 = -91407. Does 12 divide a?
False
Let b(k) = 4*k**3 + 3*k**2 - 15*k + 48. Is b(6) a multiple of 60?
False
Let x be (-10)/25*(-116 - -1). Let f = -23 + x. Suppose -f = -5*z + 67. Is z a multiple of 4?
False
Is (-30)/120 + (-6740)/(-16) a multiple of 21?
False
Suppose -18*n + 13*n = 0. Suppose -2*d - d - 3*h = -15, 5*h + 15 = 5*d. Is 8 a factor of 1 - n - d - -11?
True
Suppose 4*i = 283 + 497. Let j = i + 15. Is 21 a factor of j?
True
Let t(x) = -49*x - 28. Is 3 a factor of t(-4)?
True
Suppose 3*y + 0*y - 15 = 0. Is 4/y - 9378/(-90) a multiple of 11?
False
Suppose -88 = -2*t - 5*n, -t + 2*n + 2*n = -44. Suppose 4*f = 5*f - t. Let a = -13 + f. Does 20 divide a?
False
Suppose -14*d + 21*d = 252. Is d a multiple of 6?
True
Let a = 135 - -8. Does 31 divide a?
False
Let k(g) = 76*g**2 - 5*g. Is 27 a factor of k(-1)?
True
Suppose 4*f + 8 = 0, -3*l + 22 = 2*l - f. Let x = l - 4. Suppose x = 3*a + 5*w - 330, -2*w - 275 = -4*a + 139. Does 14 divide a?
False
Let f be ((-8)/16)/((-2)/32). Let r(h) = 2*h**2 - 12*h + 10. Let o be r(f). Let x = o + 6. Is 16 a factor of x?
True
Suppose 3*q = 19 - 7. Suppose q*h = h + 258. Does 10 divide h?
False
Suppose 0 = -3*i + 2*j + 317, 4*i = -2*j - 0*j + 418. Is i a multiple of 4?
False
Suppose 316 = -3*p - 4*g - 176, 4*g - 516 = 3*p. Is 18 a factor of p*(3 + -3 + (-18)/21)?
True
Let g = -766 - -1129. Does 11 divide g?
True
Let k = -323 + 433. Is k a multiple of 11?
True
Let j(l) = l**2 + 9*l + 17. Let d be j(-7). Suppose -d*r - 19 = -262. Is r/(-9*2/(-12)) a multiple of 18?
True
Let m(w) = 3 - 20*w**2 - 4*w + w**3 + 11 + 18*w**2. Is 41 a factor of m(5)?
False
Let r(w) = 4*w - 14 + w**2 + 8*w - 2*w**2. Suppose -11*l + 22*l - 44 = 0. Does 6 divide r(l)?
True
Suppose w + 495 + 1089 = 5*m, 0 = 3*m - 3*w - 948. Does 28 divide m?
False
Let f(b) = b - 6. Let i be f(7). Let z(h) = h**2 - 7*h + 12. Let l be z(2). Does 8 divide 60/8 + i/l?
True
Let d = 609 + -421. Does 4 divide d?
True
Let u be (-8)/1*(-3)/12. Suppose 8 = -6*m + u*m. Is 20 a factor of m/(-5) + 316/10?
False
Let c be 349 + (-4)/(-14) + (-18)/14. Suppose 5*s = -l + 423, -3*s = s - 4*l - c. Does 17 divide s?
True
Let u(r) = 3*r**2 - 2*r - 13. Let i be u(-6). Let f = -75 + i. Is f even?
True
Let t = 390 + -227. Is t a multiple of 20?
False
Let t be (1 - 5)*(-63)/(-42). Is 52 + (-4)/(-6)*t a multiple of 48?
True
Let a(w) = 12 - w - w**3 - 3 - 2 - 5*w**2. Is 31 a factor of a(-6)?
False
Suppose 2 = n + n + 3*r, 3*r - 6 = -3*n. Suppose -88 = n*k + 36. Let y = k - -45. Is 4 a factor of y?
False
Suppose -6*g + 1750 = -g. Suppose 56 = -5*l - w + 511, g = 4*l - 2*w. Is l a multiple of 23?
False
Let b(c) = 73*c + 16. Is b(5) a multiple of 18?
False
Let t(j) = -j**2 - 11*j - 16. Let q(g) = 6*g - 1. Let z be q(-1). Is t(z) a multiple of 2?
True
Suppose 5*b + 15 = 5*n, 2*b - 12 = -3*n - 3. Suppose b = -q - 9 + 6. Is 95 - (q - (-4 - -3)) a multiple of 27?
False
Let k be 2/9 + (-176)/(-99). Let t be (-2)/4*(k - 0). Does 25 divide 50/((-4)/(-2) + t)?
True
Suppose 0 = 5*d, -d - 4*d = -2*n + 302. Suppose 4*z - 487 = -n. Does 17 divide z?
False
Let i be -5 + (1 - (1 + -1)). Let y be i*1*(-77)/7. Suppose -f - f - 3*x = -30, -4*f - 2*x + y = 0. Does 2 divide f?
False
Does 18 divide (-937)/(-4) - 3/12?
True
Let x(q) = -241*q**2 + q. Let j be x(-2). Is (-3)/4 + j/(-8) a multiple of 20?
True
Suppose -53 - 131 = -4*d. Does 6 divide d?
False
Suppose -4*s + 12 + 26 = 5*n, 3*s - 38 = n. Suppose 0 = 5*d - 20, y = -y + 2*d + s. Is y a multiple of 10?
True
Let x be -24*(-2 + 24/9). Is 4/(x/(-100)) + -1 a multiple of 11?
False
Suppose 5*g + q + 263 = 0, -2*g - q + 8 - 112 = 0. Let p = g - -86. Does 11 divide p?
True
Let p(b) be the second derivative of -b**3/3 - 9*b**2/2 - 7*b. Let w be -12 - (0 - 0 - 3). Is p(w) a multiple of 9?
True
Suppose 0 = 3*d - 82 + 289. Let b(h) = 8*h + 5. Let j be b(-4). Let a = j - d. Does 14 divide a?
True
Suppose -n + 23 = -43*t + 42*t, 5*n = 4*t + 88. Let l(h) = -45*h**3 - h + 1. Let g be l(1). Let f = t - g. Is f a multiple of 9?
True
Suppose 4*c - 16 = -40. Suppose -2*b - 58 = -108. Let j = b + c. Does 19 divide j?
True
Is 5846/6 - ((-148)/(-12) - 13) a multiple of 25?
True
Suppose -5*d + 4*d + 72 = 0. Is d a multiple of 5?
False
Let j = -149 + 228. Let z be -26*2/4*-3. Let q = j - z. Does 10 divide q?
True
Let n be (36/(7 + -3))/(-1). Is ((-16)/(-3))/((-3)/n) a multiple of 12?
False
Is (88/52)/11 - (-4676)/26 a multiple of 30?
True
Suppose d - 5*w + 20 = 0, -3*d - 6*w = -7*w - 10. Let r(u) = -u**3 - u**2 - 9*u - 9. Let x be r(-7). Suppose h + d*h - x = 0. Does 29 divide h?
True
Suppose 14 = 11*u - 8. Does 8 divide (-2 + (-648)/30)*(-5)/u?
False
Let y(s) = -5*s + 19. Let g be 5/10*2*10. Suppose -g - 3 = j. Is 28 a factor of y(j)?
True
Suppose 0 = 4*v - 8 - 0. Suppose -45 = -l + 2*n, 3*l - n + v*n = 121. Is l a multiple of 12?
False
Suppose d - 8*h = -9*h + 179, 0 = 5*d + 3*h - 897. Is 5 a factor of d?
True
Let k(p) be the first derivative of 7*p**3/6 - 5*p**2 + p - 3. Let i(s) be the first derivative of k(s). Is i(8) a multiple of 23?
True
Let r = -1170 + 1324. Is r a multiple of 77?
True
Let n(l) = l**2 - 7*l + 9. Let w be n(6). Suppose -5*d + 5 = x, -34 = 2*x - w*d + 2*d. Is 4/(-8)*6 - x a multiple of 4?
True
Suppose -4*z = 5746 - 37602. Does 8 divide 4/22 - z/(-121)?
False
Suppose -o = 4*o + 2*y + 477, 3*y = -5*o - 473. Let q = o - -163. Is q a multiple of 22?
True
Is 79 a factor of -2*(-3322)/12 + 56/(-84)?
True
Let b be (-2)/((-104)/(-100)*1 - 1). Let s = -7 - b. Does 43 divide s?
True
Let y = 11 - 14. Is 7 a factor of 12*y*(-8)/18?
False
Suppose 0 = -h + 4*h - 21. Let u(k) = -k**3 + 8*k**2 + 8*k + 9. Let w be u(h). Let p = w + -81. Does 14 divide p?
False
Let c = -406 + 979. Suppose -167 = -w - 4*z, -w - 3*z - c = -5*w. Is w a multiple of 30?
False
Let s = 71 - 59. Suppose s*b - 4*b - 864 = 0. Is 12 a factor of b?
True
Let k = 1 + -5. Let m be k/(-18) + 224/(-36). Does 4 divide 1 - (m + -1) - -1?
False
Let v = 28 + -24. Suppose v*f + 128 - 744 = 0. Is 14 a factor of f?
True
Suppose 0 = -10*r + 69 - 429. Let a(t) = -t - 1. Let i be a(-4). Let d = i - r. Does 13 divide d?
True
Suppose -v - 20 = -5*v. Let t(c) = 2*c**2 - 8*c - 6. Let m be t(v). Suppose -a = -m - 3. Is a a multiple of 2?
False
Suppose -3*v + 200 = 2*v. Does 5 divide v?
True
Suppose 0 = -7*a + 10*a - 63. Let t(j) = 10*j**2 - 2*j - 1. Let d be t(-1). Suppose -w = -a - d. Is w a multiple of 28?
False
Let z(j) = 1 + 3 - 60*j - 7.